{"id":434,"date":"2025-01-14T14:22:15","date_gmt":"2025-01-14T07:22:15","guid":{"rendered":"https:\/\/code.webrt.net\/httmaster\/?page_id=434"},"modified":"2025-07-31T16:58:08","modified_gmt":"2025-07-31T09:58:08","slug":"form-dang-ky-tuyen-sinh","status":"publish","type":"page","link":"https:\/\/ntttc.edu.vn\/?page_id=434","title":{"rendered":"Form \u0111\u0103ng k\u00fd tuy\u1ec3n sinh"},"content":{"rendered":"\n\t<section class=\"section rt-section-why\" id=\"section_1497992436\">\n\t\t<div class=\"section-bg fill\" >\n\t\t\t<img loading=\"lazy\" decoding=\"async\" width=\"512\" height=\"384\" src=\"https:\/\/ntttc.edu.vn\/wp-content\/uploads\/2025\/07\/unnamed.jpg\" class=\"bg attachment- size-\" alt=\"\" \/>\t\t\t\t\t\t\n\t\t\t\n\n\t\t<\/div>\n\n\t\t\n\n\t\t<div class=\"section-content relative\">\n\t\t\t\n\t<div id=\"gap-1421086047\" class=\"gap-element clearfix\" style=\"display:block; height:auto;\">\n\t\t\n<style>\n#gap-1421086047 {\n  padding-top: 100px;\n}\n<\/style>\n\t<\/div>\n\t\n<div class=\"row align-center\"  id=\"row-1443359017\">\n\n\t<div id=\"col-1457790747\" class=\"col medium-9 small-12 large-9\"  >\n\t\t\t\t<div class=\"col-inner\"  >\n\t\t\t\n\t\t\t\n\t<div id=\"text-2287836578\" class=\"text\">\n\t\t\n<h2><span style=\"font-size: 100%;\">\u0110\u0102NG K\u00dd TR\u1ef0C TUY\u1ebeN<\/span><\/h2>\n<p>B\u1ea1n vui l\u00f2ng \u0111i\u1ec1n \u0111\u1ea7y \u0111\u1ee7 th\u00f4ng tin c\u00e1 nh\u00e2n v\u00e0o b\u1ea3ng \u0111\u0103ng k\u00fd x\u00e9t tuy\u1ec3n tr\u1ef1c tuy\u1ebfn b\u00ean c\u1ea1nh \u0111\u1ec3 t\u01b0 v\u1ea5n vi\u00ean c\u1ee7a tr\u01b0\u1eddng li\u00ean h\u1ec7 v\u1edbi b\u1ea1n gi\u1ea3i \u0111\u00e1p c\u00e1c th\u1eafc m\u1eafc ho\u00e0n to\u00e0n mi\u1ec5n ph\u00ed. Ch\u00fang t\u00f4i s\u1ebd ch\u1ee7 \u0111\u1ed9ng li\u00ean h\u1ec7 l\u1ea1i v\u1edbi b\u1ea1n trong v\u00f2ng 24h k\u1ec3 t\u1eeb khi nh\u1eadn \u0111\u01b0\u1ee3c th\u00f4ng tin \u0111\u0103ng k\u00fd.<br \/>\nL\u01b0u \u00fd: Nh\u1eefng m\u1ee5c \u0111\u00e1nh d\u1ea5u (*) l\u00e0 th\u00f4ng tin b\u1eaft bu\u1ed9c ph\u1ea3i \u0111i\u1ec1n.<\/p>\n\t\t\n<style>\n#text-2287836578 {\n  font-size: 1rem;\n  line-height: 1.6;\n  text-align: center;\n  color: rgb(255, 255, 255);\n}\n#text-2287836578 > * {\n  color: rgb(255, 255, 255);\n}\n<\/style>\n\t<\/div>\n\t\n\t\t<\/div>\n\t\t\t\t\t<\/div>\n\n\t\n\n\t<div id=\"col-592188974\" class=\"col bg-form medium-6 small-12 large-6\"  >\n\t\t\t\t<div class=\"col-inner\" style=\"background-color:rgba(0, 84, 128, 0.7);\" >\n\t\t\t\n\t\t\t\n\n<div class=\"wpcf7 no-js\" id=\"wpcf7-f724-o1\" lang=\"vi\" dir=\"ltr\" data-wpcf7-id=\"724\">\n<div class=\"screen-reader-response\"><p role=\"status\" aria-live=\"polite\" aria-atomic=\"true\"><\/p> <ul><\/ul><\/div>\n<form action=\"\/index.php?rest_route=%2Fwp%2Fv2%2Fpages%2F434#wpcf7-f724-o1\" method=\"post\" class=\"wpcf7-form init\" aria-label=\"Form li\u00ean h\u1ec7\" enctype=\"multipart\/form-data\" novalidate=\"novalidate\" data-status=\"init\">\n<fieldset class=\"hidden-fields-container\"><input type=\"hidden\" name=\"_wpcf7\" value=\"724\" \/><input type=\"hidden\" name=\"_wpcf7_version\" value=\"6.1\" \/><input type=\"hidden\" name=\"_wpcf7_locale\" value=\"vi\" \/><input type=\"hidden\" name=\"_wpcf7_unit_tag\" value=\"wpcf7-f724-o1\" \/><input type=\"hidden\" name=\"_wpcf7_container_post\" value=\"0\" \/><input type=\"hidden\" name=\"_wpcf7_posted_data_hash\" value=\"\" \/>\n<\/fieldset>\n<p><label> H\u1ecd v\u00e0 t\u00ean c\u1ee7a b\u1ea1n (*)<br \/>\n<span class=\"wpcf7-form-control-wrap\" data-name=\"your-name\"><input size=\"40\" maxlength=\"400\" class=\"wpcf7-form-control wpcf7-text wpcf7-validates-as-required\" aria-required=\"true\" aria-invalid=\"false\" value=\"\" type=\"text\" name=\"your-name\" \/><\/span> <\/label>\n<\/p>\n<p><label> Ng\u00e0y sinh (*)<br \/>\n<span class=\"wpcf7-form-control-wrap\" data-name=\"your-dob\"><input class=\"wpcf7-form-control wpcf7-date wpcf7-validates-as-required wpcf7-validates-as-date\" aria-required=\"true\" aria-invalid=\"false\" value=\"\" type=\"date\" name=\"your-dob\" \/><\/span> <\/label>\n<\/p>\n<p><label> S\u1ed1 \u0111i\u1ec7n tho\u1ea1i (*)<br \/>\n<span class=\"wpcf7-form-control-wrap\" data-name=\"your-tel\"><input size=\"40\" maxlength=\"400\" class=\"wpcf7-form-control wpcf7-tel wpcf7-validates-as-required wpcf7-text wpcf7-validates-as-tel\" aria-required=\"true\" aria-invalid=\"false\" value=\"\" type=\"tel\" name=\"your-tel\" \/><\/span> <\/label>\n<\/p>\n<p><label> Email c\u1ee7a b\u1ea1n (*)<br \/>\n<span class=\"wpcf7-form-control-wrap\" data-name=\"your-email\"><input size=\"40\" maxlength=\"400\" class=\"wpcf7-form-control wpcf7-email wpcf7-validates-as-required wpcf7-text wpcf7-validates-as-email\" aria-required=\"true\" aria-invalid=\"false\" value=\"\" type=\"email\" name=\"your-email\" \/><\/span> <\/label>\n<\/p>\n<p><label> Ch\u1ecdn lo\u1ea1i b\u1eb1ng l\u00e1i \u0111\u0103ng k\u00fd<br \/>\n<span class=\"wpcf7-form-control-wrap\" data-name=\"menu-license\"><select class=\"wpcf7-form-control wpcf7-select wpcf7-validates-as-required\" aria-required=\"true\" aria-invalid=\"false\" name=\"menu-license\"><option value=\"---\">---<\/option><option value=\"B\u1eb1ng A\">B\u1eb1ng A<\/option><option value=\"B\u1eb1ng B C\u01a1 Kh\u00ed\">B\u1eb1ng B C\u01a1 Kh\u00ed<\/option><option value=\"B\u1eb1ng B T\u1ef1 \u0110\u1ed9ng\">B\u1eb1ng B T\u1ef1 \u0110\u1ed9ng<\/option><\/select><\/span> <\/label>\n<\/p>\n<p><label> Ch\u1ecdn th\u1eddi gian h\u1ecdc mong mu\u1ed1n<br \/>\n<span class=\"wpcf7-form-control-wrap\" data-name=\"menu-time\"><select class=\"wpcf7-form-control wpcf7-select wpcf7-validates-as-required\" aria-required=\"true\" aria-invalid=\"false\" name=\"menu-time\"><option value=\"---\">---<\/option><option value=\"C\u00e1c ng\u00e0y trong tu\u1ea7n\">C\u00e1c ng\u00e0y trong tu\u1ea7n<\/option><option value=\"Th\u1ee9 7 &amp; Ch\u1ee7 nh\u1eadt\">Th\u1ee9 7 &amp; Ch\u1ee7 nh\u1eadt<\/option><\/select><\/span> <\/label>\n<\/p>\n<p><label> \u0110\u00ednh k\u00e8m \u1ea3nh CMND\/CCCD (n\u1ebfu c\u00f3, file jpg, png, pdf)<br \/>\n<span class=\"wpcf7-form-control-wrap\" data-name=\"your-file\"><input size=\"40\" class=\"wpcf7-form-control wpcf7-file\" accept=\".jpg,.jpeg,.png,.pdf\" aria-invalid=\"false\" type=\"file\" name=\"your-file\" \/><\/span> <\/label>\n<\/p>\n<p><input class=\"wpcf7-form-control wpcf7-submit has-spinner\" type=\"submit\" value=\"G\u1eedi \u0110\u0103ng K\u00fd\" \/>\n<\/p><div class=\"wpcf7-response-output\" aria-hidden=\"true\"><\/div>\n<\/form>\n<\/div>\n\n\t\t<\/div>\n\t\t\t\t\n<style>\n#col-592188974 > .col-inner {\n  padding: 50px 45px 50px 45px;\n  border-radius: 20px;\n}\n<\/style>\n\t<\/div>\n\n\t\n<\/div>\n\t<div id=\"gap-45401843\" class=\"gap-element clearfix\" style=\"display:block; height:auto;\">\n\t\t\n<style>\n#gap-45401843 {\n  padding-top: 70px;\n}\n<\/style>\n\t<\/div>\n\t\n\t\t<\/div>\n\n\t\t\n<style>\n#section_1497992436 {\n  padding-top: 0px;\n  padding-bottom: 0px;\n  background-color: rgb(244, 246, 249);\n}\n<\/style>\n\t<\/section>\n\t\n","protected":false},"excerpt":{"rendered":"","protected":false},"author":1,"featured_media":0,"parent":0,"menu_order":0,"comment_status":"closed","ping_status":"closed","template":"page-blank.php","meta":{"_acf_changed":false,"footnotes":""},"class_list":["post-434","page","type-page","status-publish","hentry"],"acf":[],"yoast_head":"<!-- This site is optimized with the Yoast SEO plugin v24.8 - https:\/\/yoast.com\/wordpress\/plugins\/seo\/ -->\n<title>Form \u0111\u0103ng k\u00fd tuy\u1ec3n sinh - TR\u01af\u1edcNG TRUNG C\u1ea4P NGUY\u1ec4N T\u1ea4T TH\u00c0NH<\/title>\n<meta name=\"robots\" content=\"noindex, follow, max-snippet:-1, max-image-preview:large, max-video-preview:-1\" \/>\n<meta property=\"og:locale\" content=\"vi_VN\" \/>\n<meta property=\"og:type\" content=\"article\" \/>\n<meta property=\"og:title\" content=\"Form \u0111\u0103ng k\u00fd tuy\u1ec3n sinh - TR\u01af\u1edcNG TRUNG C\u1ea4P NGUY\u1ec4N T\u1ea4T TH\u00c0NH\" \/>\n<meta property=\"og:url\" content=\"https:\/\/ntttc.edu.vn\/?page_id=434\" \/>\n<meta property=\"og:site_name\" content=\"TR\u01af\u1edcNG TRUNG C\u1ea4P NGUY\u1ec4N T\u1ea4T TH\u00c0NH\" \/>\n<meta property=\"article:modified_time\" content=\"2025-07-31T09:58:08+00:00\" \/>\n<meta name=\"twitter:card\" content=\"summary_large_image\" \/>\n<script type=\"application\/ld+json\" class=\"yoast-schema-graph\">{\"@context\":\"https:\/\/schema.org\",\"@graph\":[{\"@type\":\"WebPage\",\"@id\":\"https:\/\/ntttc.edu.vn\/?page_id=434\",\"url\":\"https:\/\/ntttc.edu.vn\/?page_id=434\",\"name\":\"Form \u0111\u0103ng k\u00fd tuy\u1ec3n sinh - TR\u01af\u1edcNG TRUNG C\u1ea4P NGUY\u1ec4N T\u1ea4T TH\u00c0NH\",\"isPartOf\":{\"@id\":\"https:\/\/ntttc.edu.vn\/#website\"},\"datePublished\":\"2025-01-14T07:22:15+00:00\",\"dateModified\":\"2025-07-31T09:58:08+00:00\",\"breadcrumb\":{\"@id\":\"https:\/\/ntttc.edu.vn\/?page_id=434#breadcrumb\"},\"inLanguage\":\"vi\",\"potentialAction\":[{\"@type\":\"ReadAction\",\"target\":[\"https:\/\/ntttc.edu.vn\/?page_id=434\"]}]},{\"@type\":\"BreadcrumbList\",\"@id\":\"https:\/\/ntttc.edu.vn\/?page_id=434#breadcrumb\",\"itemListElement\":[{\"@type\":\"ListItem\",\"position\":1,\"name\":\"Trang ch\u1ee7\",\"item\":\"https:\/\/ntttc.edu.vn\/\"},{\"@type\":\"ListItem\",\"position\":2,\"name\":\"Form \u0111\u0103ng k\u00fd tuy\u1ec3n sinh\"}]},{\"@type\":\"WebSite\",\"@id\":\"https:\/\/ntttc.edu.vn\/#website\",\"url\":\"https:\/\/ntttc.edu.vn\/\",\"name\":\"TR\u01af\u1edcNG TRUNG C\u1ea4P NGUY\u1ec4N T\u1ea4T TH\u00c0NH\",\"description\":\"\",\"potentialAction\":[{\"@type\":\"SearchAction\",\"target\":{\"@type\":\"EntryPoint\",\"urlTemplate\":\"https:\/\/ntttc.edu.vn\/?s={search_term_string}\"},\"query-input\":{\"@type\":\"PropertyValueSpecification\",\"valueRequired\":true,\"valueName\":\"search_term_string\"}}],\"inLanguage\":\"vi\"}]}<\/script>\n<!-- \/ Yoast SEO plugin. -->","yoast_head_json":{"title":"Form \u0111\u0103ng k\u00fd tuy\u1ec3n sinh - TR\u01af\u1edcNG TRUNG C\u1ea4P NGUY\u1ec4N T\u1ea4T TH\u00c0NH","robots":{"index":"noindex","follow":"follow","max-snippet":"max-snippet:-1","max-image-preview":"max-image-preview:large","max-video-preview":"max-video-preview:-1"},"og_locale":"vi_VN","og_type":"article","og_title":"Form \u0111\u0103ng k\u00fd tuy\u1ec3n sinh - TR\u01af\u1edcNG TRUNG C\u1ea4P NGUY\u1ec4N T\u1ea4T TH\u00c0NH","og_url":"https:\/\/ntttc.edu.vn\/?page_id=434","og_site_name":"TR\u01af\u1edcNG TRUNG C\u1ea4P NGUY\u1ec4N T\u1ea4T TH\u00c0NH","article_modified_time":"2025-07-31T09:58:08+00:00","twitter_card":"summary_large_image","schema":{"@context":"https:\/\/schema.org","@graph":[{"@type":"WebPage","@id":"https:\/\/ntttc.edu.vn\/?page_id=434","url":"https:\/\/ntttc.edu.vn\/?page_id=434","name":"Form \u0111\u0103ng k\u00fd tuy\u1ec3n sinh - TR\u01af\u1edcNG TRUNG C\u1ea4P NGUY\u1ec4N T\u1ea4T TH\u00c0NH","isPartOf":{"@id":"https:\/\/ntttc.edu.vn\/#website"},"datePublished":"2025-01-14T07:22:15+00:00","dateModified":"2025-07-31T09:58:08+00:00","breadcrumb":{"@id":"https:\/\/ntttc.edu.vn\/?page_id=434#breadcrumb"},"inLanguage":"vi","potentialAction":[{"@type":"ReadAction","target":["https:\/\/ntttc.edu.vn\/?page_id=434"]}]},{"@type":"BreadcrumbList","@id":"https:\/\/ntttc.edu.vn\/?page_id=434#breadcrumb","itemListElement":[{"@type":"ListItem","position":1,"name":"Trang ch\u1ee7","item":"https:\/\/ntttc.edu.vn\/"},{"@type":"ListItem","position":2,"name":"Form \u0111\u0103ng k\u00fd tuy\u1ec3n sinh"}]},{"@type":"WebSite","@id":"https:\/\/ntttc.edu.vn\/#website","url":"https:\/\/ntttc.edu.vn\/","name":"TR\u01af\u1edcNG TRUNG C\u1ea4P NGUY\u1ec4N T\u1ea4T TH\u00c0NH","description":"","potentialAction":[{"@type":"SearchAction","target":{"@type":"EntryPoint","urlTemplate":"https:\/\/ntttc.edu.vn\/?s={search_term_string}"},"query-input":{"@type":"PropertyValueSpecification","valueRequired":true,"valueName":"search_term_string"}}],"inLanguage":"vi"}]}},"_links":{"self":[{"href":"https:\/\/ntttc.edu.vn\/index.php?rest_route=\/wp\/v2\/pages\/434","targetHints":{"allow":["GET"]}}],"collection":[{"href":"https:\/\/ntttc.edu.vn\/index.php?rest_route=\/wp\/v2\/pages"}],"about":[{"href":"https:\/\/ntttc.edu.vn\/index.php?rest_route=\/wp\/v2\/types\/page"}],"author":[{"embeddable":true,"href":"https:\/\/ntttc.edu.vn\/index.php?rest_route=\/wp\/v2\/users\/1"}],"replies":[{"embeddable":true,"href":"https:\/\/ntttc.edu.vn\/index.php?rest_route=%2Fwp%2Fv2%2Fcomments&post=434"}],"version-history":[{"count":13,"href":"https:\/\/ntttc.edu.vn\/index.php?rest_route=\/wp\/v2\/pages\/434\/revisions"}],"predecessor-version":[{"id":1018,"href":"https:\/\/ntttc.edu.vn\/index.php?rest_route=\/wp\/v2\/pages\/434\/revisions\/1018"}],"wp:attachment":[{"href":"https:\/\/ntttc.edu.vn\/index.php?rest_route=%2Fwp%2Fv2%2Fmedia&parent=434"}],"curies":[{"name":"wp","href":"https:\/\/api.w.org\/{rel}","templated":true}]}}