{"id":1193,"date":"2026-01-02T20:26:12","date_gmt":"2026-01-02T13:26:12","guid":{"rendered":"https:\/\/ntttc.edu.vn\/?page_id=1193"},"modified":"2026-03-23T15:49:18","modified_gmt":"2026-03-23T08:49:18","slug":"thong-bao1","status":"publish","type":"page","link":"https:\/\/ntttc.edu.vn\/?page_id=1193","title":{"rendered":"Th\u00f4ng b\u00e1o"},"content":{"rendered":"<div dir=\"auto\" style=\"text-align: center;\"><strong>TR\u01af\u1edcNG TRUNG C\u1ea4P KTKT NGUY\u1ec4N T\u1ea4T TH\u00c0NH<\/strong><\/div>\n<div dir=\"auto\" style=\"text-align: center;\"><strong>TH\u00d4NG B\u00c1O CHI\u00caU SINH \u0110\u00c0O T\u1ea0O L\u00c1I XE M\u00d4 T\u00d4 &#8211; \u00d4 T\u00d4 KHAI GI\u1ea2NG TH\u00c1NG 4-5\/2026<\/strong> <span class=\"html-span xexx8yu xyri2b x18d9i69 x1c1uobl x1hl2dhg x16tdsg8 x1vvkbs x3nfvp2 x1j61x8r x1fcty0u xdj266r xat24cr xm2jcoa x1mpyi22 xxymvpz xlup9mm x1kky2od\"><img loading=\"lazy\" decoding=\"async\" class=\"xz74otr x15mokao x1ga7v0g x16uus16 xbiv7yw\" src=\"https:\/\/static.xx.fbcdn.net\/images\/emoji.php\/v9\/t8c\/1\/16\/1f389.png\" alt=\"\ud83c\udf89\" width=\"16\" height=\"16\" \/><\/span><span class=\"html-span xexx8yu xyri2b x18d9i69 x1c1uobl x1hl2dhg x16tdsg8 x1vvkbs x3nfvp2 x1j61x8r x1fcty0u xdj266r xat24cr xm2jcoa x1mpyi22 xxymvpz xlup9mm x1kky2od\"><img loading=\"lazy\" decoding=\"async\" class=\"xz74otr x15mokao x1ga7v0g x16uus16 xbiv7yw\" src=\"https:\/\/static.xx.fbcdn.net\/images\/emoji.php\/v9\/t8c\/1\/16\/1f389.png\" alt=\"\ud83c\udf89\" width=\"16\" height=\"16\" \/><\/span><\/div>\n<div dir=\"auto\">\u00a0 \u00a0 \u00a0 \u00a0 \u00a0 \u00a0 \u00a0 \u00a0 \u00a0 \u00a0 \u00a0 \u00a0 \u00a0 \u00a0 \u00a0 \u00a0 \u00a0 \u00a0 \u00a0 \u00a0 \u00a0 \u00a0 \u00a0Cam k\u1ebft h\u1ecdc th\u1eadt &#8211; thi th\u1eadt, \u0111\u1ebfn v\u1edbi Nguy\u1ec5n T\u1ea5t Th\u00e0nh, ch\u00fang t\u00f4i mang \u0111\u1ebfn cho b\u1ea1n \u0111\u1ea7y \u0111\u1ee7 kho\u00e1 h\u1ecdc l\u00e1i xe v\u1edbi \u0111a d\u1ea1ng nhu c\u1ea7u:<\/div>\n<div dir=\"auto\"><span class=\"html-span xexx8yu xyri2b x18d9i69 x1c1uobl x1hl2dhg x16tdsg8 x1vvkbs x3nfvp2 x1j61x8r x1fcty0u xdj266r xat24cr xm2jcoa x1mpyi22 xxymvpz xlup9mm x1kky2od\">\u00a0 \u00a0 \u00a0 \u00a0 \u00a0 \u00a0 \u00a0 \u00a0 \u00a0 \u00a0 \u00a0 \u00a0 \u00a0 \u00a0 \u00a0 \u00a0 \u00a0 \u00a0 \u00a0 \u00a0 \u00a0 \u00a0 \u00a0<img loading=\"lazy\" decoding=\"async\" class=\"xz74otr x15mokao x1ga7v0g x16uus16 xbiv7yw\" src=\"https:\/\/static.xx.fbcdn.net\/images\/emoji.php\/v9\/t33\/1\/16\/2705.png\" alt=\"\u2705\" width=\"16\" height=\"16\" \/><\/span> B\u1eb1ng l\u00e1i xe m\u00e1y h\u1ea1ng A\/A1<\/div>\n<div dir=\"auto\">\u00a0 \u00a0 \u00a0 \u00a0 \u00a0 \u00a0 \u00a0 \u00a0 \u00a0 \u00a0 \u00a0 \u00a0 \u00a0 \u00a0 \u00a0 \u00a0 \u00a0 \u00a0 \u00a0 \u00a0 \u00a0 \u00a0 \u00a0D\u00e0nh cho ng\u01b0\u1eddi \u0111i\u1ec1u khi\u1ec3n xe d\u01b0\u1edbi 125cc ho\u1eb7c xe ph\u00e2n kh\u1ed1i l\u1edbn tu\u1ef3 ch\u1ecdn.<\/div>\n<div dir=\"auto\">\u00a0 \u00a0 \u00a0 \u00a0 \u00a0 \u00a0 \u00a0 \u00a0 \u00a0 \u00a0 \u00a0 \u00a0 \u00a0 \u00a0 \u00a0 \u00a0 \u00a0 \u00a0 \u00a0 \u00a0 \u00a0 \u00a0 \u00a0H\u1ed7 tr\u1ee3 l\u00e0m h\u1ed3 s\u01a1 nhanh ch\u00f3ng.<\/div>\n<div dir=\"auto\"><span class=\"html-span xexx8yu xyri2b x18d9i69 x1c1uobl x1hl2dhg x16tdsg8 x1vvkbs x3nfvp2 x1j61x8r x1fcty0u xdj266r xat24cr xm2jcoa x1mpyi22 xxymvpz xlup9mm x1kky2od\">\u00a0 \u00a0 \u00a0 \u00a0 \u00a0 \u00a0 \u00a0 \u00a0 \u00a0 \u00a0 \u00a0 \u00a0 \u00a0 \u00a0 \u00a0 \u00a0 \u00a0 \u00a0 \u00a0 \u00a0 \u00a0 \u00a0 \u00a0<img loading=\"lazy\" decoding=\"async\" class=\"xz74otr x15mokao x1ga7v0g x16uus16 xbiv7yw\" src=\"https:\/\/static.xx.fbcdn.net\/images\/emoji.php\/v9\/t33\/1\/16\/2705.png\" alt=\"\u2705\" width=\"16\" height=\"16\" \/><\/span> B\u1eb1ng l\u00e1i xe \u00f4 t\u00f4 h\u1ea1ng B<\/div>\n<div dir=\"auto\">\u00a0 \u00a0 \u00a0 \u00a0 \u00a0 \u00a0 \u00a0 \u00a0 \u00a0 \u00a0 \u00a0 \u00a0 \u00a0 \u00a0 \u00a0 \u00a0 \u00a0 \u00a0 \u00a0 \u00a0 \u00a0 \u00a0 \u00a0\u0110\u1ea3m b\u1ea3o \u0111\u1ee7 gi\u1edd h\u1ecdc DAT, sa h\u00ecnh v\u00e0 cabin m\u00f4 ph\u1ecfng theo quy \u0111\u1ecbnh, h\u1ecdc vi\u00ean c\u00f3 th\u1ec3 h\u1ecdc \u0111\u1ebfn khi v\u1eefng tay l\u00e1i.<\/div>\n<div dir=\"auto\">\u00a0 \u00a0 \u00a0 \u00a0 \u00a0 \u00a0 \u00a0 \u00a0 \u00a0 \u00a0 \u00a0 \u00a0 \u00a0 \u00a0 \u00a0 \u00a0 \u00a0 \u00a0 \u00a0 \u00a0 \u00a0 \u00a0 \u00a0H\u1ecdc l\u00fd thuy\u1ebft linh ho\u1ea1t cho h\u1ecdc vi\u00ean.<\/div>\n<div dir=\"auto\">\u00a0 \u00a0 \u00a0 \u00a0 \u00a0 \u00a0 \u00a0 \u00a0 \u00a0 \u00a0 \u00a0 \u00a0 \u00a0 \u00a0 \u00a0 \u00a0 \u00a0 \u00a0 \u00a0 \u00a0 \u00a0 <span class=\"html-span xexx8yu xyri2b x18d9i69 x1c1uobl x1hl2dhg x16tdsg8 x1vvkbs x3nfvp2 x1j61x8r x1fcty0u xdj266r xat24cr xm2jcoa x1mpyi22 xxymvpz xlup9mm x1kky2od\">\u00a0 \u00a0<\/span>Tr\u01b0\u1eddng \u0111\u00e0o t\u1ea1o l\u00e1i xe Nguy\u1ec5n T\u1ea5t Th\u00e0nh &#8211; s\u1ef1 l\u1ef1a ch\u1ecdn h\u00e0ng \u0111\u1ea7u trong ng\u00e0nh, li\u00ean h\u1ec7 ngay \u0111\u1ec3 \u0111\u01b0\u1ee3c t\u01b0 v\u1ea5n nh\u00e9!<\/div>\n<div dir=\"auto\" style=\"text-align: center;\">&#8212;&#8212;<\/div>\n<div dir=\"auto\">\u00a0 \u00a0 \u00a0 \u00a0 \u00a0 \u00a0 \u00a0 \u00a0 \u00a0 \u00a0 \u00a0 \u00a0 \u00a0 \u00a0 \u00a0 \u00a0 \u00a0 \u00a0 \u00a0 \u00a0 \u00a0 \u00a0 \u00a0 TR\u01af\u1edcNG TRUNG C\u1ea4P KTKT NGUY\u1ec4N T\u1ea4T TH\u00c0NH<\/div>\n<div dir=\"auto\"><span class=\"html-span xexx8yu xyri2b x18d9i69 x1c1uobl x1hl2dhg x16tdsg8 x1vvkbs x3nfvp2 x1j61x8r x1fcty0u xdj266r xat24cr xm2jcoa x1mpyi22 xxymvpz xlup9mm x1kky2od\">\u00a0 \u00a0 \u00a0 \u00a0 \u00a0 \u00a0 \u00a0 \u00a0 \u00a0 \u00a0 \u00a0 \u00a0 \u00a0 \u00a0 \u00a0 \u00a0 \u00a0 \u00a0 \u00a0 \u00a0 \u00a0 \u00a0 \u00a0 <img loading=\"lazy\" decoding=\"async\" class=\"xz74otr x15mokao x1ga7v0g x16uus16 xbiv7yw\" src=\"https:\/\/static.xx.fbcdn.net\/images\/emoji.php\/v9\/t22\/1\/16\/260e.png\" alt=\"\u260e\" width=\"16\" height=\"16\" \/><\/span> Hotline: 0987 072 883 &#8211; 028.7101.6011<\/div>\n<div dir=\"auto\"><span class=\"html-span xexx8yu xyri2b x18d9i69 x1c1uobl x1hl2dhg x16tdsg8 x1vvkbs x3nfvp2 x1j61x8r x1fcty0u xdj266r xat24cr xm2jcoa x1mpyi22 xxymvpz xlup9mm x1kky2od\">\u00a0 \u00a0 \u00a0 \u00a0 \u00a0 \u00a0 \u00a0 \u00a0 \u00a0 \u00a0 \u00a0 \u00a0 \u00a0 \u00a0 \u00a0 \u00a0 \u00a0 \u00a0 \u00a0 \u00a0 \u00a0 \u00a0 \u00a0 <img loading=\"lazy\" decoding=\"async\" class=\"xz74otr x15mokao x1ga7v0g x16uus16 xbiv7yw\" src=\"https:\/\/static.xx.fbcdn.net\/images\/emoji.php\/v9\/t40\/1\/16\/1f4a5.png\" alt=\"\ud83d\udca5\" width=\"16\" height=\"16\" \/><\/span> Website: <span class=\"html-span xdj266r x14z9mp xat24cr x1lziwak xexx8yu xyri2b x18d9i69 x1c1uobl x1hl2dhg x16tdsg8 x1vvkbs\"><a class=\"x1i10hfl xjbqb8w x1ejq31n x18oe1m7 x1sy0etr xstzfhl x972fbf x10w94by x1qhh985 x14e42zd x9f619 x1ypdohk xt0psk2 x3ct3a4 xdj266r x14z9mp xat24cr x1lziwak xexx8yu xyri2b x18d9i69 x1c1uobl x16tdsg8 x1hl2dhg xggy1nq x1a2a7pz xkrqix3 x1sur9pj x1fey0fg x1s688f\" tabindex=\"0\" role=\"link\" href=\"https:\/\/l.facebook.com\/l.php?u=http%3A%2F%2Fntttc.edu.vn%2F%3Ffbclid%3DIwZXh0bgNhZW0CMTAAYnJpZBExNDA4S3VJUGdnRVRHdGNxR3NydGMGYXBwX2lkEDIyMjAzOTE3ODgyMDA4OTIAAR4v0qzSKITUYhRRATHIb4C6-luU7aNLzo0D6WTB4Env9O7qAHyVjFEB11x0fw_aem_TbvQMKRDcwUgKaAafx0Xig&amp;h=AT1jYeqfQ7jrluNPsaoj7DyYhSkgn17MS6APtY1x0iI1PDktAwHZmcsYS2x4VJU3qkS4bCI8uEN5YbCu5nJlYmjzB2oqklYXm58mG7H8IIP0zI9DfAt4Y8su-V7b4CXrGTwQsm9E9TbaeMJoPw&amp;__tn__=-UK-R&amp;c[0]=AT02MCJ7wpbWINlg0WpRVe8uj9ffwARGSYmHTlfGmDf27LpWjKZ9Ov2bo4j5NA9XzVBAwND8nAXDnomhScnI5m6fCanaV6x5Wh-slIgslLmNRJ9dkINIiM1RRhATN7GfaX9uWAfeggYTgx1v_dot2NGAjxfR3NHY2WT1JlqzNw0uhBCJfq2GWzOf46pjSResI0A\" target=\"_blank\" rel=\"nofollow noopener noreferrer\">ntttc.edu.vn<\/a><\/span><\/div>\n<div dir=\"auto\"><span class=\"html-span xexx8yu xyri2b x18d9i69 x1c1uobl x1hl2dhg x16tdsg8 x1vvkbs x3nfvp2 x1j61x8r x1fcty0u xdj266r xat24cr xm2jcoa x1mpyi22 xxymvpz xlup9mm x1kky2od\">\u00a0 \u00a0 \u00a0 \u00a0 \u00a0 \u00a0 \u00a0 \u00a0 \u00a0 \u00a0 \u00a0 \u00a0 \u00a0 \u00a0 \u00a0 \u00a0 \u00a0 \u00a0 \u00a0 \u00a0 \u00a0 \u00a0 \u00a0<img loading=\"lazy\" decoding=\"async\" class=\"xz74otr x15mokao x1ga7v0g x16uus16 xbiv7yw\" src=\"https:\/\/static.xx.fbcdn.net\/images\/emoji.php\/v9\/t2d\/1\/16\/1f4cd.png\" alt=\"\ud83d\udccd\" width=\"16\" height=\"16\" \/><\/span> \u0110\u1ecba ch\u1ec9 v\u0103n ph\u00f2ng:<\/div>\n<div dir=\"auto\">\u00a0 \u00a0 \u00a0 \u00a0 \u00a0 \u00a0 \u00a0 \u00a0 \u00a0 \u00a0 \u00a0 \u00a0 \u00a0 \u00a0 \u00a0 \u00a0 \u00a0 \u00a0 \u00a0 \u00a0 \u00a0 \u00a0 \u00a0 306 Nguy\u1ec5n Oanh, Ph\u01b0\u1eddng G\u00f2 V\u1ea5p, TP. H\u1ed3 Ch\u00ed Minh<\/div>\n<div dir=\"auto\">\n  \n    <div id=\"row-2061728522\" class=\"row hide-for-medium large-columns-3 medium-columns- small-columns-1 row-small has-shadow row-box-shadow-1 row-masonry\" data-packery-options='{\"itemSelector\": \".col\", \"gutter\": 0, \"presentageWidth\" : true}'>\n\n  <div class=\"col post-item\" >\n\t\t\t<div class=\"col-inner\">\n\t\t\t\t<div class=\"box box-normal box-text-bottom box-blog-post has-hover\">\n          \t\t\t\t\t<div class=\"box-text text-center\" >\n\t\t\t\t\t<div class=\"box-text-inner blog-post-inner\">\n\n\t\t\t\t\t\n\t\t\t\t\t\t\t\t\t\t\t<p class=\"cat-label  is-xxsmall op-7 uppercase\">\n\t\t\t\t\tTh\u00f4ng b\u00e1o \t\t\t\t\t<\/p>\n\t\t\t\t\t\t\t\t\t\t<h5 class=\"post-title is-small \">\n\t\t\t\t\t\t<a href=\"https:\/\/ntttc.edu.vn\/?p=1181\" class=\"plain\">Th\u00f4ng b\u00e1o chung<\/a>\n\t\t\t\t\t<\/h5>\n\t\t\t\t\t<div class=\"post-meta is-small op-8\">01\/02\/2026<\/div>\t\t\t\t\t<div class=\"is-divider\"><\/div>\n\t\t\t\t\t\t\t\t\t\t<p class=\"from_the_blog_excerpt \">\n\t\t\t\t\t\tTR\u01af\u1edcNG TRUNG C\u1ea4P KINH T\u1ebe K\u1ef8 THU\u1eacT NGUY\u1ec4N T\u1ea4T TH\u00c0NH TH\u00d4NG B\u00c1O CHI\u00caU SINH \u0110\u00c0O T\u1ea0O L\u00c1I XE &nbsp; &#8211;...\t\t\t\t\t<\/p>\n\t\t\t\t\t                    \n\t\t\t\t\t\n\t\t\t\t\t\n\t\t\t\t\t<\/div>\n\t\t\t\t\t<\/div>\n\t\t\t\t\t\t\t\t\t<\/div>\n\t\t\t<\/div>\n\t\t<\/div><\/div><\/div>\n<div dir=\"auto\"><\/div>\n","protected":false},"excerpt":{"rendered":"<p>TR\u01af\u1edcNG TRUNG C\u1ea4P KTKT NGUY\u1ec4N T\u1ea4T TH\u00c0NH TH\u00d4NG B\u00c1O CHI\u00caU SINH \u0110\u00c0O T\u1ea0O L\u00c1I XE M\u00d4 T\u00d4 &#8211; \u00d4 T\u00d4 KHAI GI\u1ea2NG TH\u00c1NG 4-5\/2026 \u00a0 \u00a0 \u00a0 \u00a0 \u00a0 \u00a0 \u00a0 \u00a0 \u00a0 \u00a0 \u00a0 \u00a0 \u00a0 \u00a0 \u00a0 \u00a0 \u00a0 \u00a0 \u00a0 \u00a0 \u00a0 \u00a0 \u00a0Cam k\u1ebft h\u1ecdc th\u1eadt &#8211; thi th\u1eadt, \u0111\u1ebfn v\u1edbi&#8230;<\/p>\n","protected":false},"author":1,"featured_media":0,"parent":0,"menu_order":0,"comment_status":"closed","ping_status":"closed","template":"page-blank.php","meta":{"_acf_changed":false,"footnotes":""},"class_list":["post-1193","page","type-page","status-publish","hentry"],"acf":[],"yoast_head":"<!-- This site is optimized with the Yoast SEO plugin v24.8 - https:\/\/yoast.com\/wordpress\/plugins\/seo\/ -->\n<title>Th\u00f4ng b\u00e1o - TR\u01af\u1edcNG TRUNG C\u1ea4P NGUY\u1ec4N T\u1ea4T TH\u00c0NH<\/title>\n<meta name=\"robots\" content=\"noindex, follow, max-snippet:-1, max-image-preview:large, max-video-preview:-1\" \/>\n<meta property=\"og:locale\" content=\"vi_VN\" \/>\n<meta property=\"og:type\" content=\"article\" \/>\n<meta property=\"og:title\" content=\"Th\u00f4ng b\u00e1o - TR\u01af\u1edcNG TRUNG C\u1ea4P NGUY\u1ec4N T\u1ea4T TH\u00c0NH\" \/>\n<meta property=\"og:description\" content=\"TR\u01af\u1edcNG TRUNG C\u1ea4P KTKT NGUY\u1ec4N T\u1ea4T TH\u00c0NH TH\u00d4NG B\u00c1O CHI\u00caU SINH \u0110\u00c0O T\u1ea0O L\u00c1I XE M\u00d4 T\u00d4 &#8211; \u00d4 T\u00d4 KHAI GI\u1ea2NG TH\u00c1NG 4-5\/2026 \u00a0 \u00a0 \u00a0 \u00a0 \u00a0 \u00a0 \u00a0 \u00a0 \u00a0 \u00a0 \u00a0 \u00a0 \u00a0 \u00a0 \u00a0 \u00a0 \u00a0 \u00a0 \u00a0 \u00a0 \u00a0 \u00a0 \u00a0Cam k\u1ebft h\u1ecdc th\u1eadt &#8211; thi th\u1eadt, \u0111\u1ebfn v\u1edbi...\" \/>\n<meta property=\"og:url\" content=\"https:\/\/ntttc.edu.vn\/?page_id=1193\" \/>\n<meta property=\"og:site_name\" content=\"TR\u01af\u1edcNG TRUNG C\u1ea4P NGUY\u1ec4N T\u1ea4T TH\u00c0NH\" \/>\n<meta property=\"article:modified_time\" content=\"2026-03-23T08:49:18+00:00\" \/>\n<meta property=\"og:image\" content=\"https:\/\/static.xx.fbcdn.net\/images\/emoji.php\/v9\/t8c\/1\/16\/1f389.png\" \/>\n<meta name=\"twitter:card\" content=\"summary_large_image\" \/>\n<meta name=\"twitter:label1\" content=\"\u01af\u1edbc t\u00ednh th\u1eddi gian \u0111\u1ecdc\" \/>\n\t<meta name=\"twitter:data1\" content=\"3 ph\u00fat\" \/>\n<script type=\"application\/ld+json\" class=\"yoast-schema-graph\">{\"@context\":\"https:\/\/schema.org\",\"@graph\":[{\"@type\":\"WebPage\",\"@id\":\"https:\/\/ntttc.edu.vn\/?page_id=1193\",\"url\":\"https:\/\/ntttc.edu.vn\/?page_id=1193\",\"name\":\"Th\u00f4ng b\u00e1o - TR\u01af\u1edcNG TRUNG C\u1ea4P NGUY\u1ec4N T\u1ea4T TH\u00c0NH\",\"isPartOf\":{\"@id\":\"https:\/\/ntttc.edu.vn\/#website\"},\"primaryImageOfPage\":{\"@id\":\"https:\/\/ntttc.edu.vn\/?page_id=1193#primaryimage\"},\"image\":{\"@id\":\"https:\/\/ntttc.edu.vn\/?page_id=1193#primaryimage\"},\"thumbnailUrl\":\"https:\/\/static.xx.fbcdn.net\/images\/emoji.php\/v9\/t8c\/1\/16\/1f389.png\",\"datePublished\":\"2026-01-02T13:26:12+00:00\",\"dateModified\":\"2026-03-23T08:49:18+00:00\",\"breadcrumb\":{\"@id\":\"https:\/\/ntttc.edu.vn\/?page_id=1193#breadcrumb\"},\"inLanguage\":\"vi\",\"potentialAction\":[{\"@type\":\"ReadAction\",\"target\":[\"https:\/\/ntttc.edu.vn\/?page_id=1193\"]}]},{\"@type\":\"ImageObject\",\"inLanguage\":\"vi\",\"@id\":\"https:\/\/ntttc.edu.vn\/?page_id=1193#primaryimage\",\"url\":\"https:\/\/static.xx.fbcdn.net\/images\/emoji.php\/v9\/t8c\/1\/16\/1f389.png\",\"contentUrl\":\"https:\/\/static.xx.fbcdn.net\/images\/emoji.php\/v9\/t8c\/1\/16\/1f389.png\"},{\"@type\":\"BreadcrumbList\",\"@id\":\"https:\/\/ntttc.edu.vn\/?page_id=1193#breadcrumb\",\"itemListElement\":[{\"@type\":\"ListItem\",\"position\":1,\"name\":\"Trang ch\u1ee7\",\"item\":\"https:\/\/ntttc.edu.vn\/\"},{\"@type\":\"ListItem\",\"position\":2,\"name\":\"Th\u00f4ng b\u00e1o\"}]},{\"@type\":\"WebSite\",\"@id\":\"https:\/\/ntttc.edu.vn\/#website\",\"url\":\"https:\/\/ntttc.edu.vn\/\",\"name\":\"TR\u01af\u1edcNG TRUNG C\u1ea4P NGUY\u1ec4N T\u1ea4T TH\u00c0NH\",\"description\":\"\",\"potentialAction\":[{\"@type\":\"SearchAction\",\"target\":{\"@type\":\"EntryPoint\",\"urlTemplate\":\"https:\/\/ntttc.edu.vn\/?s={search_term_string}\"},\"query-input\":{\"@type\":\"PropertyValueSpecification\",\"valueRequired\":true,\"valueName\":\"search_term_string\"}}],\"inLanguage\":\"vi\"}]}<\/script>\n<!-- \/ Yoast SEO plugin. -->","yoast_head_json":{"title":"Th\u00f4ng b\u00e1o - TR\u01af\u1edcNG TRUNG C\u1ea4P NGUY\u1ec4N T\u1ea4T TH\u00c0NH","robots":{"index":"noindex","follow":"follow","max-snippet":"max-snippet:-1","max-image-preview":"max-image-preview:large","max-video-preview":"max-video-preview:-1"},"og_locale":"vi_VN","og_type":"article","og_title":"Th\u00f4ng b\u00e1o - TR\u01af\u1edcNG TRUNG C\u1ea4P NGUY\u1ec4N T\u1ea4T TH\u00c0NH","og_description":"TR\u01af\u1edcNG TRUNG C\u1ea4P KTKT NGUY\u1ec4N T\u1ea4T TH\u00c0NH TH\u00d4NG B\u00c1O CHI\u00caU SINH \u0110\u00c0O T\u1ea0O L\u00c1I XE M\u00d4 T\u00d4 &#8211; \u00d4 T\u00d4 KHAI GI\u1ea2NG TH\u00c1NG 4-5\/2026 \u00a0 \u00a0 \u00a0 \u00a0 \u00a0 \u00a0 \u00a0 \u00a0 \u00a0 \u00a0 \u00a0 \u00a0 \u00a0 \u00a0 \u00a0 \u00a0 \u00a0 \u00a0 \u00a0 \u00a0 \u00a0 \u00a0 \u00a0Cam k\u1ebft h\u1ecdc th\u1eadt &#8211; thi th\u1eadt, \u0111\u1ebfn v\u1edbi...","og_url":"https:\/\/ntttc.edu.vn\/?page_id=1193","og_site_name":"TR\u01af\u1edcNG TRUNG C\u1ea4P NGUY\u1ec4N T\u1ea4T TH\u00c0NH","article_modified_time":"2026-03-23T08:49:18+00:00","og_image":[{"url":"https:\/\/static.xx.fbcdn.net\/images\/emoji.php\/v9\/t8c\/1\/16\/1f389.png","type":"","width":"","height":""}],"twitter_card":"summary_large_image","twitter_misc":{"\u01af\u1edbc t\u00ednh th\u1eddi gian \u0111\u1ecdc":"3 ph\u00fat"},"schema":{"@context":"https:\/\/schema.org","@graph":[{"@type":"WebPage","@id":"https:\/\/ntttc.edu.vn\/?page_id=1193","url":"https:\/\/ntttc.edu.vn\/?page_id=1193","name":"Th\u00f4ng b\u00e1o - TR\u01af\u1edcNG TRUNG C\u1ea4P NGUY\u1ec4N T\u1ea4T TH\u00c0NH","isPartOf":{"@id":"https:\/\/ntttc.edu.vn\/#website"},"primaryImageOfPage":{"@id":"https:\/\/ntttc.edu.vn\/?page_id=1193#primaryimage"},"image":{"@id":"https:\/\/ntttc.edu.vn\/?page_id=1193#primaryimage"},"thumbnailUrl":"https:\/\/static.xx.fbcdn.net\/images\/emoji.php\/v9\/t8c\/1\/16\/1f389.png","datePublished":"2026-01-02T13:26:12+00:00","dateModified":"2026-03-23T08:49:18+00:00","breadcrumb":{"@id":"https:\/\/ntttc.edu.vn\/?page_id=1193#breadcrumb"},"inLanguage":"vi","potentialAction":[{"@type":"ReadAction","target":["https:\/\/ntttc.edu.vn\/?page_id=1193"]}]},{"@type":"ImageObject","inLanguage":"vi","@id":"https:\/\/ntttc.edu.vn\/?page_id=1193#primaryimage","url":"https:\/\/static.xx.fbcdn.net\/images\/emoji.php\/v9\/t8c\/1\/16\/1f389.png","contentUrl":"https:\/\/static.xx.fbcdn.net\/images\/emoji.php\/v9\/t8c\/1\/16\/1f389.png"},{"@type":"BreadcrumbList","@id":"https:\/\/ntttc.edu.vn\/?page_id=1193#breadcrumb","itemListElement":[{"@type":"ListItem","position":1,"name":"Trang ch\u1ee7","item":"https:\/\/ntttc.edu.vn\/"},{"@type":"ListItem","position":2,"name":"Th\u00f4ng b\u00e1o"}]},{"@type":"WebSite","@id":"https:\/\/ntttc.edu.vn\/#website","url":"https:\/\/ntttc.edu.vn\/","name":"TR\u01af\u1edcNG TRUNG C\u1ea4P NGUY\u1ec4N T\u1ea4T TH\u00c0NH","description":"","potentialAction":[{"@type":"SearchAction","target":{"@type":"EntryPoint","urlTemplate":"https:\/\/ntttc.edu.vn\/?s={search_term_string}"},"query-input":{"@type":"PropertyValueSpecification","valueRequired":true,"valueName":"search_term_string"}}],"inLanguage":"vi"}]}},"_links":{"self":[{"href":"https:\/\/ntttc.edu.vn\/index.php?rest_route=\/wp\/v2\/pages\/1193","targetHints":{"allow":["GET"]}}],"collection":[{"href":"https:\/\/ntttc.edu.vn\/index.php?rest_route=\/wp\/v2\/pages"}],"about":[{"href":"https:\/\/ntttc.edu.vn\/index.php?rest_route=\/wp\/v2\/types\/page"}],"author":[{"embeddable":true,"href":"https:\/\/ntttc.edu.vn\/index.php?rest_route=\/wp\/v2\/users\/1"}],"replies":[{"embeddable":true,"href":"https:\/\/ntttc.edu.vn\/index.php?rest_route=%2Fwp%2Fv2%2Fcomments&post=1193"}],"version-history":[{"count":16,"href":"https:\/\/ntttc.edu.vn\/index.php?rest_route=\/wp\/v2\/pages\/1193\/revisions"}],"predecessor-version":[{"id":1239,"href":"https:\/\/ntttc.edu.vn\/index.php?rest_route=\/wp\/v2\/pages\/1193\/revisions\/1239"}],"wp:attachment":[{"href":"https:\/\/ntttc.edu.vn\/index.php?rest_route=%2Fwp%2Fv2%2Fmedia&parent=1193"}],"curies":[{"name":"wp","href":"https:\/\/api.w.org\/{rel}","templated":true}]}}